{"id":649,"date":"2023-07-02T15:16:56","date_gmt":"2023-07-02T13:16:56","guid":{"rendered":"https:\/\/serwer1739540.home.pl\/fefu2\/?page_id=649"},"modified":"2023-07-02T15:29:40","modified_gmt":"2023-07-02T13:29:40","slug":"regulamin-2022","status":"publish","type":"page","link":"https:\/\/forearthforus.com\/index.php\/earth-festival\/earth-festival-2022\/regulamin-2022\/","title":{"rendered":"Regulamin 2022"},"content":{"rendered":"\n<div class=\"wp-block-columns is-layout-flex wp-container-core-columns-is-layout-28f84493 wp-block-columns-is-layout-flex\">\n<div class=\"wp-block-column container-my is-layout-flow wp-block-column-is-layout-flow\">\n<h1 class=\"wp-block-heading\" id=\"block-fab22774-f368-43a4-bedf-7f818fad8b85\">REGULAMIN<\/h1>\n<\/div>\n<\/div>\n\n\n\n<div class=\"wp-block-columns container-my is-layout-flex wp-container-core-columns-is-layout-28f84493 wp-block-columns-is-layout-flex\">\n<div class=\"wp-block-column container-my is-layout-flow wp-block-column-is-layout-flow\" style=\"flex-basis:100%\">\n<p class=\"regulamin\"><strong>Regulamin Imprezy Masowej Earth Festival<\/strong><br><br>Rozdzia\u0142 I<br>1. Niniejszy regulamin (zwany dalej \u201eRegulaminem\u201d) zosta\u0142 wydany na podstawie przepis\u00f3w Ustawy z dnia 20 marca 2009 r. o bezpiecze\u0144stwie imprez masowych (zwanej dalej \u201eUstaw\u0105\u201d) oraz na podstawie przepis\u00f3w Kodeksu cywilnego.<br>2. Regulamin jest wydany przez organizatora imprezy firm\u0119 Mariusz Wo\u017aniczka VISIONAIR, zwanego dalej \u201eOrganizatorem\u201d.<br>3. Koncert (zwany dalej \u201eImprez\u0105\u201d) odb\u0119dzie si\u0119 w dniach 19-21.08.2022 roku na terenie przy Kompleksie Termalno-Uzdrowiskowym Termy Uniej\u00f3w ul. Zamkowa w Uniejowie<br>4. Regulamin kierowany jest do wszystkich os\u00f3b, kt\u00f3re w czasie trwania Imprezy b\u0119d\u0105 przebywa\u0142y na terenie, na kt\u00f3rym przeprowadzana jest Impreza. Ka\u017cda osoba przebywaj\u0105ca na tym terenie w czasie trwania Imprezy obowi\u0105zana jest stosowa\u0107 si\u0119 do postanowie\u0144 niniejszego Regulaminu.<br>5. Celem Regulaminu jest zapewnienie bezpiecze\u0144stwa Imprezy poprzez okre\u015blenie zasad zachowania si\u0119 os\u00f3b obecnych na Imprezie i korzystania przez nie z terenu, na kt\u00f3rym przeprowadzona jest Impreza, a tak\u017ce urz\u0105dze\u0144 znajduj\u0105cych si\u0119 na nim.<br>6. Poni\u017csze okre\u015blenia u\u017cywane w regulaminie b\u0119d\u0105 mia\u0142y nast\u0119puj\u0105ce znaczenie:<br>\u201eS\u0142u\u017cby Porz\u0105dkowe\u201d oznacza powo\u0142ane przez Organizatora osoby, w tym pracownik\u00f3w agencji ochrony lub mienia, legitymuj\u0105cych si\u0119 identyfikatorem, do dbania o bezpiecze\u0144stwo os\u00f3b uczestnicz\u0105cych w Imprezie. Cz\u0142onkowie S\u0142u\u017cb Porz\u0105dkowych posiadaj\u0105 identyfikatory umieszczone w widocznym miejscu zawieraj\u0105ce: nazw\u0119 firmy, numer identyfikacyjny i fotografi\u0119, okres wa\u017cno\u015bci, piecz\u0119\u0107 i podpis wystawcy;<br>\u201eTeren Imprezy\u201d oznacza wyznaczony teren, na kt\u00f3rym przeprowadzana jest Impreza lub inne miejsce, na kt\u00f3re Impreza mo\u017ce zosta\u0107 przeniesiona z wa\u017cnych powod\u00f3w i podane do publicznej wiadomo\u015bci przed Imprez\u0105;<br>\u201eUczestnik Imprezy\u201d oznacza osob\u0119 uczestnicz\u0105c\u0105 w Imprezie.<br><br>Rozdzia\u0142 II<br>1. Wst\u0119p na teren Imprezy jest wolny i przys\u0142uguje wszystkim osobom zainteresowanym wydarzeniem.<br>2. Zabrania si\u0119 wnoszenia i posiadania w trakcie Imprezy:<br>\u2013 broni lub innych niebezpiecznych przedmiot\u00f3w,<br>\u2013 materia\u0142\u00f3w wybuchowych,<br>\u2013 wyrob\u00f3w pirotechnicznych,<br>\u2013 materia\u0142\u00f3w po\u017carowo niebezpiecznych,<br>\u2013 napoj\u00f3w alkoholowych powy\u017cej 3,5 % alkoholu,<br>\u2013 \u015brodk\u00f3w odurzaj\u0105cych lub substancji psychotropowych,<br>\u2013 przedmiot\u00f3w s\u0142u\u017c\u0105cych do zakrycia twarzy celem unikni\u0119cia identyfikacji tj. kominiarki itp.<br>\u2013 urz\u0105dze\u0144 nag\u0142o\u015bnieniowych tj. megafony, tuby, g\u0142o\u015bniki.<br>3. Ponadto zakazuje si\u0119 wprowadzania rower\u00f3w, ps\u00f3w i innych zwierz\u0105t na Teren Imprezy oraz prowadzenia bez autoryzacji Organizatora jakiejkolwiek dzia\u0142alno\u015bci handlowej lub innej zarobkowej na Terenie Imprezy.<br>4. Organizator Imprezy mo\u017ce odm\u00f3wi\u0107 wst\u0119pu na Imprez\u0119 oraz przebywania na niej osobom:<br>\u2013 znajduj\u0105cym si\u0119 pod widocznym wp\u0142ywem alkoholu, \u015brodk\u00f3w odurzaj\u0105cych, psychotropowych lub innych podobnie dzia\u0142aj\u0105cych \u015brodk\u00f3w<br>\u2013 posiadaj\u0105cym bro\u0144 lub inne niebezpieczne przedmioty, materia\u0142y, wyroby, napoje, \u015brodki lub substancje.<br>\u2013 zachowuj\u0105cym si\u0119 agresywnie, prowokacyjnie albo w inny spos\u00f3b stwarzaj\u0105cym zagro\u017cenie bezpiecze\u0144stwa lub porz\u0105dku Imprezy<br>\u2013 posiadania przedmiot\u00f3w o kt\u00f3rych mowa w pkt. 2.<br>5. Kto wnosi lub posiada na Imprezie bro\u0144, inne niebezpieczne przedmioty, materia\u0142y wybuchowe, wyroby pirotechniczne lub materia\u0142y po\u017carowo niebezpieczne, podlega karze aresztu albo karze ograniczenia wolno\u015bci.<br>6. Uczestnicy Imprezy oraz wszystkie inne osoby, kt\u00f3re znajduj\u0105 si\u0119 na Terenie Imprezy zobowi\u0105zane s\u0105 stosowa\u0107 si\u0119 do polece\u0144 S\u0142u\u017cb Porz\u0105dkowych, w tym kierownika do spraw bezpiecze\u0144stwa. Odmowa zastosowania si\u0119 do tych polece\u0144 mo\u017ce wynika\u0107 wy\u0142\u0105cznie z uwagi na ich sprzeczno\u015b\u0107 z powszechnie obowi\u0105zuj\u0105cymi przepisami prawa.<br>7. Osoby ma\u0142oletnie uczestnicz\u0105 w Imprezie na wy\u0142\u0105czn\u0105 odpowiedzialno\u015b\u0107 os\u00f3b, kt\u00f3re sprawuj\u0105 nad nimi piecz\u0119.<br>8. W imprezie nie mog\u0105 uczestniczy\u0107 osoby chore na COVID-19, zaka\u017cone SARS-CoV-2, przebywaj\u0105ce w kwarantannie lub izolacji.<br><br>Rozdzia\u0142 III<br>1. Organizator zapewnia bezpiecze\u0144stwo osobom obecnym na Imprezie oraz porz\u0105dek podczas trwania Imprezy, poprzez m.in.:<br>\u2013 S\u0142u\u017cby porz\u0105dkowe i s\u0142u\u017cby informacyjne wyr\u00f3\u017cniaj\u0105ce si\u0119 elementami ubioru;<br>\u2013 powo\u0142anie kierownika do spraw bezpiecze\u0144stwa, kieruj\u0105cego S\u0142u\u017cbami Porz\u0105dkowymi i organizuj\u0105cego prac\u0119 S\u0142u\u017cb Porz\u0105dkowych;<br>\u2013 udost\u0119pnienie pomocy medycznej oraz zaplecza higieniczno-sanitarnego;<br>2. Organizator w zakresie okre\u015blonym Ustaw\u0105 i przepisami wykonawczymi jest uprawniony do utrwalania Imprezy, a w szczeg\u00f3lno\u015bci zachowania os\u00f3b, za pomoc\u0105 urz\u0105dze\u0144 rejestruj\u0105cych obraz i d\u017awi\u0119k.<br>3. Organizator utrwala r\u00f3wnie\u017c przebieg Imprezy dla cel\u00f3w dokumentacji oraz Promocji lub reklamy Imprezy i imprez w przysz\u0142ych latach, Organizatora oraz sponsor\u00f3w. Wizerunek os\u00f3b przebywaj\u0105cych na Terenie Imprezy mo\u017ce zosta\u0107 utrwalony, a nast\u0119pnie rozpowszechniony dla cel\u00f3w dokumentacyjnych, sprawozdawczych, reklamowych oraz promocyjnych.<br>4. Organizator wyznacza strefy podzia\u0142u Imprezy jako punkty sta\u0142ego zabezpieczenia przez s\u0142u\u017cby ochronne:<br>\u2013 Zaplecze techniczno-socjalne,<br>\u2013 Widownia i miejsca stoj\u0105ce,<br>\u2013 Zespo\u0142y wej\u015bcia g\u0142\u00f3wnego,<br>\u2013 Wyj\u015bcia ewakuacyjne z terenu imprezy.<br><br>5. Organizator zapewnia zabezpieczenia przeciwpo\u017carowe poprzez zapewnienie, \u017ce:<br>\u2013 pracownicy obs\u0142ugi, S\u0142u\u017cby Porz\u0105dkowe i Organizator musz\u0105 zna\u0107 rozmieszczenie podr\u0119cznego sprz\u0119tu ga\u015bniczego i hydrant\u00f3w oraz zasady post\u0119powania na wypadek po\u017caru;<br>\u2013 S\u0142u\u017cby Porz\u0105dkowe musz\u0105 by\u0107 zapoznane z \u201eInstrukcja post\u0119powania w przypadku powstania po\u017caru lub innego miejscowego zagro\u017cenia\u201d w miejscu i w czasie imprezy masowej organizowanej na terenie przy Kompleksie Termalno-Uzdrowiskowym Termy Uniej\u00f3w oraz przeszkolone w zakresie zasad prowadzenia ewakuacji, sposobu alarmowania stra\u017cy po\u017carnej, zasad u\u017cycia podr\u0119cznego sprz\u0119tu ga\u015bniczego, udzielenia pierwszej pomocy medycznej.<br>6. Organizator zastrzega sobie prawo ustalenia i zmian w przebiegu Imprezy z uzasadnionych powod\u00f3w, a ponadto prawo do ustalenia i zmiany programu pod wzgl\u0119dem artystycznym i czasowym bez uprzedniej konsultacji i rekompensaty.<br>7. Organizator zastrzega sobie prawo do odwo\u0142ania Imprezy bez wcze\u015bniejszego uprzedzenia i nie b\u0119dzie zobowi\u0105zany do \u017cadnej rekompensaty z tego tytu\u0142u.<br><br>Rozdzia\u0142 IV<br>1. S\u0142u\u017cby Porz\u0105dkowe, legitymuj\u0105ce si\u0119 identyfikatorem umieszczonym w widocznym miejscu, s\u0105 uprawnione zgodnie z przepisami Ustawy do:<br>\u2013 sprawdzania uprawnie\u0144 do przebywania na Imprezie;<br>\u2013 legitymowania os\u00f3b w celu ustalenia ich to\u017csamo\u015bci,<br>\u2013 przegl\u0105dania zawarto\u015bci baga\u017cy, odzie\u017cy os\u00f3b, w przypadku podejrzenia, \u017ce osoby te wnosz\u0105 lub posiadaj\u0105 niebezpieczne przedmioty,<br>\u2013 wydawania polece\u0144 porz\u0105dkowych osobom zak\u0142\u00f3caj\u0105cym porz\u0105dek publiczny lub zachowuj\u0105cym si\u0119 niezgodnie z regulaminem imprezy masowej, a w przypadku niewykonania takich polece\u0144 \u2013 wezwania ich do opuszczenia Imprezy;<br>\u2013 stosowania si\u0142y fizycznej w postaci chwyt\u00f3w obezw\u0142adniaj\u0105cych oraz podobnych technik obrony w przypadku zagro\u017cenia d\u00f3br powierzonych ochronie lub odparcia ataku na cz\u0142onka S\u0142u\u017cb Porz\u0105dkowych lub inn\u0105 osob\u0119, na zasadach okre\u015blonych w art., 38 ustawy z dnia 22 sierpnia 1997 r. o ochronie os\u00f3b i mienia (Dz.U. Nr 114, poz. 740, z p\u00f3\u017an.zm.)<br>\u2013 uj\u0119cia, w celu niezw\u0142ocznego przekazania Policji, os\u00f3b stwarzaj\u0105cych bezpo\u015brednie zagro\u017cenie dla \u017cycia lub zdrowia ludzkiego, a tak\u017ce chronionego mienia.<br><br>Rozdzia\u0142 V<br>1. Wszelkie reklamacje mo\u017cna sk\u0142ada\u0107 w formie pisemnej najp\u00f3\u017aniej w terminie 14 dni od dnia zako\u0144czenia Imprezy na nast\u0119puj\u0105cy adres korespondencyjny Organizatora: Mariusz Wo\u017aniczka VISIONAIR, ul. Pi\u0142karska 79, 94-121 \u0141\u00f3d\u017a. Organizator rozpatruje reklamacje w terminie 21 dni od dnia ich dor\u0119czenia Organizatorowi listem poleconym. Sk\u0142adaj\u0105cy reklamacj\u0119 musi posiada\u0107 dow\u00f3d nadania listu poleconego.<br><br>Rozdzia\u0142 VI<br>1. Niniejszy Regulamin jest dost\u0119pny:<br>\u2013 na stronie internetowej https:\/\/www.forearthforus.com<br>\u2013 w siedzibie Organizatora<br>\u2013 przy wej\u015bciach na teren imprezy na odpowiedniej wysoko\u015bci oraz w punktach informacyjnych w formacie B1<br>2. Korespondencj\u0119 do Organizatora kieruje si\u0119 na adres wskazany w rozdz. V na pi\u015bmie, przesy\u0142k\u0105 polecon\u0105.<br>3. W sprawach nieuregulowanych w Regulaminie stosuje si\u0119 przepisy Ustawy oraz Kodeksu Cywilnego.<\/p>\n<\/div>\n<\/div>\n\n\n\n<div class=\"wp-block-columns container-my is-layout-flex wp-container-core-columns-is-layout-28f84493 wp-block-columns-is-layout-flex\">\n<div class=\"wp-block-column has-white-color has-text-color is-layout-flow wp-block-column-is-layout-flow\"><\/div>\n<\/div>\n\n\n\n<div class=\"wp-block-columns is-layout-flex wp-container-core-columns-is-layout-28f84493 wp-block-columns-is-layout-flex\">\n<div class=\"wp-block-column container-my is-layout-flow wp-block-column-is-layout-flow\">\n<figure class=\"wp-block-image size-large is-resized\"><img loading=\"lazy\" decoding=\"async\" src=\"https:\/\/serwer1739540.home.pl\/fefu2\/wp-content\/uploads\/2023\/07\/program2022-1024x455.jpg\" alt=\"\" class=\"wp-image-609\" width=\"512\" height=\"228\" srcset=\"https:\/\/forearthforus.com\/wp-content\/uploads\/2023\/07\/program2022-1024x455.jpg 1024w, https:\/\/forearthforus.com\/wp-content\/uploads\/2023\/07\/program2022-300x133.jpg 300w, https:\/\/forearthforus.com\/wp-content\/uploads\/2023\/07\/program2022-768x341.jpg 768w, https:\/\/forearthforus.com\/wp-content\/uploads\/2023\/07\/program2022-536x238.jpg 536w, https:\/\/forearthforus.com\/wp-content\/uploads\/2023\/07\/program2022.jpg 1156w\" sizes=\"auto, (max-width: 512px) 100vw, 512px\" \/><\/figure>\n<\/div>\n<\/div>\n\n\n\n<div style=\"height:20px\" aria-hidden=\"true\" class=\"wp-block-spacer\"><\/div>\n\n\n\n<div class=\"footter-contact\">\n<div><img decoding=\"async\" src=\"https:\/\/serwer1739540.home.pl\/fefu2\/wp-content\/uploads\/2023\/07\/home-logo-f01.png\"><\/div><div><a href=\"https:\/\/forearthforus.com\/index.php\/kontakt\/\">KONTAKT<\/a><\/div><\/div>\n","protected":false},"excerpt":{"rendered":"<p>REGULAMIN Regulamin Imprezy Masowej Earth Festival Rozdzia\u0142 I1. Niniejszy regulamin (zwany dalej \u201eRegulaminem\u201d) zosta\u0142 wydany na podstawie przepis\u00f3w Ustawy z dnia 20 marca 2009 r. o bezpiecze\u0144stwie imprez masowych (zwanej dalej \u201eUstaw\u0105\u201d) oraz na podstawie przepis\u00f3w Kodeksu cywilnego.2. Regulamin jest wydany przez organizatora imprezy firm\u0119 Mariusz Wo\u017aniczka VISIONAIR, zwanego dalej \u201eOrganizatorem\u201d.3. Koncert (zwany dalej \u201eImprez\u0105\u201d) &hellip;<\/p>\n","protected":false},"author":1,"featured_media":0,"parent":21,"menu_order":0,"comment_status":"closed","ping_status":"closed","template":"","meta":{"footnotes":""},"class_list":["post-649","page","type-page","status-publish","hentry","no-thumb"],"_links":{"self":[{"href":"https:\/\/forearthforus.com\/index.php\/wp-json\/wp\/v2\/pages\/649","targetHints":{"allow":["GET"]}}],"collection":[{"href":"https:\/\/forearthforus.com\/index.php\/wp-json\/wp\/v2\/pages"}],"about":[{"href":"https:\/\/forearthforus.com\/index.php\/wp-json\/wp\/v2\/types\/page"}],"author":[{"embeddable":true,"href":"https:\/\/forearthforus.com\/index.php\/wp-json\/wp\/v2\/users\/1"}],"replies":[{"embeddable":true,"href":"https:\/\/forearthforus.com\/index.php\/wp-json\/wp\/v2\/comments?post=649"}],"version-history":[{"count":11,"href":"https:\/\/forearthforus.com\/index.php\/wp-json\/wp\/v2\/pages\/649\/revisions"}],"predecessor-version":[{"id":676,"href":"https:\/\/forearthforus.com\/index.php\/wp-json\/wp\/v2\/pages\/649\/revisions\/676"}],"up":[{"embeddable":true,"href":"https:\/\/forearthforus.com\/index.php\/wp-json\/wp\/v2\/pages\/21"}],"wp:attachment":[{"href":"https:\/\/forearthforus.com\/index.php\/wp-json\/wp\/v2\/media?parent=649"}],"curies":[{"name":"wp","href":"https:\/\/api.w.org\/{rel}","templated":true}]}}